 = -267*f - 4261. Let d be k(-16). What is i(d)?
7
Suppose -2*x + 4*u + 4 = 0, 2*x - 5*u + 2 = 5. Let k = -229 + 234. Let l(b) = -b**3 + 39*b**2 + k - 6*b + 2*b**3 - 18*b**2 - 24*b**2. Give l(x).
-3
Let o(t) = -t**3 + 6*t**2 - 6*t + 4. Let x = 63 - 68. Let y be x/(-8)*(-200)/(-25). Determine o(y).
-1
Let z(u) be the third derivative of 35 + 0*u**3 + 0*u - 5/12*u**4 - u**2. Give z(1).
-10
Suppose c - 4 = 2. Let m(g) = -77*g**2 + 78*g**2 + 0 - 2215*g + 2207*g + 3. Calculate m(c).
-9
Suppose 0 = 2*l - 63 + 33. Suppose -5*w + 2*f + l = 0, 2*f + 2*f + 9 = 3*w. Let j(t) = -3*t - 1 + 5 - 2 - w. Determine j(-1).
2
Suppose 4*t + 5*h - 21 = 36, -2*h = 6. Let l(u) = -t*u + 3 - 22*u - u**2 + 42*u - 4 - 2*u**3. Give l(1).
-2
Let u(g) = -3*g - 143. Let q(z) = z + 68. Let s(y) = 9*q(y) + 4*u(y). Give s(13).
1
Let f(j) = -2*j**2 - 2*j + 6. Let b = 6274 + -6272. What is f(b)?
-6
Let t(q) = -4*q - 14. Let j = 2835 + -2837. Give t(j).
-6
Let b(u) = u. Let z(h) = 5*h + 3. Let k(g) = 3*b(g) - z(g). Let i be 202/(-12) - 7/42. Let a be (-4)/36 - i/(-9). Determine k(a).
1
Let t(g) = -58*g - 809. Let a be t(-14). Let d(h) = -7*h - 3. Let r(i) = 6*i + 3. Let c(n) = -4*d(n) - 5*r(n). What is c(a)?
-9
Let f(k) = -k**2 - 15*k - 27. Suppose 22590*y = 22565*y - 325. Calculate f(y).
-1
Let n(a) be the second derivative of a**3/6 + 7*a**2 + 5*a - 112. Calculate n(8).
22
Let v(a) = -5*a**2 + 19*a - 4. Let j(y) = -263*y - 2362. Let i be j(-9). Determine v(i).
-34
Let m(q) = -3 + q**2 - 41050*q - 28 + 41071*q. Determine m(-22).
-9
Suppose -38 = -4*b - a, -5*a + 55 = 9*b - 4*b. Let t(o) = o**3 - 10*o**2 + 13*o - 29. Calculate t(b).
7
Let x(r) be the second derivative of 3*r**3/2 + 55*r**2/2 - 5405*r. Determine x(-5).
10
Suppose -5*f - 4*g = -10*f - 35, -f = -5*g + 28. Let i be (2/(-5))/(f/(-15)). Let l(u) = -8 + 213*u**2 + 20 - 432*u**2 + 214*u**2 - 11. Calculate l(i).
-19
Suppose n = -223 + 268. Let p(m) = 2*m**2 + 10 + n*m - m**2 - 58*m. Give p(8).
-30
Let m be (2/(-3))/((-6)/9). Let c(h) be the third derivative of 11*h**5/60 - h**4/6 + h**3/6 - 42*h**2 + 2*h - 73. Calculate c(m).
8
Let t(d) be the first derivative of 2*d + 1/2*d**2 - 23. Let w be ((-2)/6)/((-1)/(-6)). Determine t(w).
0
Let l(h) = -h + 4. Let f be l(2). Let j(q) = -3*q**f + 1 + 2 + 0 - 3*q + 0. Suppose 28*w - 25*w + 9 = 0. Give j(w).
-15
Let u(j) = -2*j**2 + 5*j + 3. Suppose 2*t = -3*q + 71, -234 + 65 = -4*t + 3*q. Let o = -36 + t. What is u(o)?
-9
Suppose 38 - 20 = 11*y + 18. Let q(h) be the second derivative of 1/6*h**3 - 4*h + 0 + 1/20*h**5 + 2*h**2 + 1/12*h**4. Calculate q(y).
4
Let k(a) = -a**2 - 3*a + 13. Let d = 1746 + -1749. Give k(d).
13
Suppose -9*p = 5*p + 2912. Let b = p - -215. Let d(a) = -5*a - 4. Determine d(b).
-39
Let m = 328 + -271. Let r = -56 + m. Let d(j) = -9*j**2 + j. What is d(r)?
-8
Let z(h) be the first derivative of h**3/3 - 3*h**2 + 2*h + 475. Let x be (6 - 3)*(8/6 - -1). Give z(x).
9
Let p(s) = -32*s + 4. Let t = -10765 - -10762. Determine p(t).
100
Let j(k) = k**2 + 19*k - 27. Suppose -3*a + 22 = -2*t, 2*a = -t - 21 + 3. Determine j(t).
-97
Let r(y) = -10*y + 53. Let d(o) = -2*o**3 - 12*o**2 + 15*o + 12. Let q be d(-7). Give r(q).
3
Let i(t) = 175*t**2 + 1749*t - 9. Let q be i(-10). Let o(v) be the third derivative of -v**6/30 + v**4/12 - v**3/6 + 2*v**2. Give o(q).
-3
Let t(y) = -3*y + 25. Let l be t(7). Let x(n) = 40*n - 68*n - l + 27*n. Determine x(-6).
2
Let k(s) be the second derivative of -s**5/20 + 7*s**4/12 + 3*s**3/2 + 9*s**2/2 - s. Let v = -77 - -102. Suppose -128 = -v*h + 9*h. Give k(h).
17
Let h(c) = 224*c**3 + 13*c**2 - 23*c + 26. Let g(n) = 79*n**3 + 4*n**2 - 8*n + 9. Let v(s) = 17*g(s) - 6*h(s). Give v(-11).
96
Let d(j) = j**2 - 2*j - 11. Let g = -2609 - -2605. What is d(g)?
13
Suppose 950 = 7*b - 44. Suppose -3*n + b = 106. Let x(r) = r - 14. Determine x(n).
-2
Let h(u) = 4*u**3 - 21*u**2 + 399*u - 107. Let t(n) = -9*n**3 + 43*n**2 - 935*n + 215. Let c(v) = -7*h(v) - 3*t(v). Determine c(19).
-29
Let q(l) = 3*l**2 + 6*l - 39. Let h = 9545 + -9542. Determine q(h).
6
Let n(d) be the third derivative of d**6/120 - d**5/20 - d**4/12 + d**3/3 + 51*d**2 - 9. What is n(2)?
-6
Let i(f) be the third derivative of -1/120*f**6 + 1/6*f**3 - 7/60*f**5 + 0 + 15*f**2 - 6*f + 0*f**4. What is i(-7)?
1
Let n(f) = 45*f + 189. Let h be n(-4). Let v(r) = 29*r**2 + 1 + 15*r - 21*r**2 - h*r**2. What is v(15)?
1
Suppose 77 = l + 2*u, l = -0*l + 4*u + 101. Let y(z) = 3 - 87*z + l*z - 3 + 8*z**2. What is y(2)?
28
Let j(z) be the first derivative of z**2/2 + 6*z - 346. Determine j(-9).
-3
Let x(v) = v**2 - 27*v - 325. Let c be x(-9). Let d(r) = r**3. Let i(j) = 47*j**3 - j. Let u(q) = 3*d(q) - i(q). Calculate u(c).
43
Let j(c) = -1 - 942415044*c + 942415043*c + 0 + c**3. Let t be 4 + (-1)/(-2)*-4. Determine j(t).
5
Let i(p) be the second derivative of 2*p**3/3 + 53*p**2 + p + 24. Determine i(-28).
-6
Let y(l) be the second derivative of -l**5/60 - l**4/4 + 2*l**3/3 + 14*l**2 - 2*l + 25. Let x(o) be the first derivative of y(o). Calculate x(-8).
-12
Let j(u) = -5*u**3 - 14*u**2 + 7*u - 14. Let g(a) = -3*a**3 - 2*a**2 - 3*a. Let o(p) = 2*g(p) - j(p). Calculate o(9).
-22
Let z(b) = 4*b**2 + b**2 + b - b**3 + 4*b**3 - 4*b**3 - 6. Let s(a) = -a**2 - 10*a - 24. Let r be s(-4). Suppose 13*y - 44 - 21 = r. Determine z(y).
-1
Let f(r) = -r**3 - 10*r - 52907 - 8*r**2 + 52910 - r. Give f(-6).
-3
Suppose 0 = -30*y + 44 + 16. Let c(d) = -3 + 4*d + d**y - 2 - 7*d + 2*d. Determine c(4).
7
Let g(j) be the third derivative of -j**5/20 + j**4/4 - 2*j**3/3 + 175*j**2 + 2*j. Determine g(4).
-28
Let u(i) = i**2 - i - 87. Let a = 18461 + -18470. Determine u(a).
3
Let p(h) = 2*h**3 - 2*h**2 + 6*h - 30. Let n be p(3). Let c(i) = 6 - 26*i - n*i + 3*i**2 - 2*i**2 - 27*i + 87*i. What is c(-8)?
-10
Let n(u) be the first derivative of u**4/4 - 7*u**3 + 21*u**2/2 - 23*u + 1979. Give n(20).
-3
Let r(l) = -2*l**2 + 42*l + 25. Let h(q) = 3*q**2 - 60*q - 37. Let w(x) = 5*h(x) + 7*r(x). Determine w(9).
17
Let l be 63/9 + (-1 - 5). Let g(j) = -1 - 7*j**3 + 3*j**3 + 0*j**3. Give g(l).
-5
Let b(d) = 6*d**2 + 1. Let k be b(3). Let t = -49 + k. Let g(n) = 9*n - n**3 - t*n - 5*n**2 - 4 + 0. Calculate g(-5).
-19
Let c(o) be the second derivative of 2*o**3/3 + o**2 + 11*o. Let r = 4 - -28. Let k = r + -34. Determine c(k).
-6
Let x be -6 + (-4)/(-8) - 3/(-6). Let s(f) = f**3 + 5*f**2 - 19*f - 82. Give s(x).
13
Let v(j) = 6*j - 5. Let p = 179 - 167. Suppose 2*s + p = -4*k, 0 = 5*s + 5*k - 1 + 6. What is v(s)?
19
Suppose -15 = -35*s + 30*s. Let g(x) = -15*x**s - 6*x**2 + 4 + 8*x**3 + x - 6*x + 6*x**3. What is g(-4)?
-8
Let o(c) = -c**2 + 16*c + 14. Let z(g) = -3 - 8 - 116*g - 2 + 2*g**2 + 98*g. Let k(x) = 3*o(x) + 2*z(x). Calculate k(-11).
5
Suppose 3*s = -q - 3*q + 8, -4*s - 2 = -q. Let t(i) = -21 - i - 10734*i**2 + i + 10733*i**2. Calculate t(s).
-21
Let j(x) = 2*x**3 - x**2 + x. Let o(w) = -9*w**3 + 13*w**2 - 5*w + 4. Let m(d) = 4*j(d) + o(d). Suppose -4*a - 23 = -5*z + 26, 4*z - 5*a = 41. Calculate m(z).
-5
Let j be (-156)/(-65) + (-2)/5. Suppose j*k = 4 + 2. Let o(s) = 1. Let a(w) = w**2 - 6*w + 2. Let x(b) = -a(b) - o(b). Give x(k).
6
Let f(y) = -y**2 + 5*y + 22. Suppose -4*k + 5*z = -43, -3*k - 30*z = -29*z - 18. Calculate f(k).
8
Let l(r) = 6431*r**2 + 2*r - 6432*r**2 - 9 - 6*r. Give l(-4).
-9
Let c(p) = 5*p + 92. Let s(d) = -2*d - 40. Let k(y) = 3*c(y) + 7*s(y). Calculate k(5).
1
Let q(c) be the second derivative of -1/12*c**4 + 0 + 3/2*c**3 - 2*c + 3/2*c**2. Let p be -1 + ((-3)/(-3))/((-2)/(-20)). Calculate q(p).
3
Let p(z) be the first derivative of -z**4/4 + 11*z**3/3 - 5*z**2 - z + 479. Calculate p(10).
-1
Let q be 0 + (6/(-2) - 1). Let c be ((-1)/2*-2)/(q/24). Let h(b) = -b + 116*b**3 - 4 + 6*b**2 - 57*b**3 - 58*b**3. Determine h(c).
2
Let g = -7 - -16. Let x(k) = -1138 + 2452 - k - 1311. What is x(g)?
-6
Let m = 717 - 713. Suppose 0 = m*c + 4, 2*c - 5 - 6 = s. Let t(z) = z**3 + 12*z**2 - 14*z + 11. What is t(s)?
24
Let s be (0/(-3 + -1))/(-2 - -4). Let y(h) be the third derivative of -1/24*h**4 - 5*h**2 - 1/60*h**5 + h**3 + 0*h + 0. Give y(s).
6
Let z be (8 - 3) + (-42)/14. Let m(c) = -3 - z*c + 13 + 6*c**2 + 7*c - 7*c**2 + 2*c**2. Calculate m(-7).
24
Suppose -2*d - 3*h = -3, 3*d - 2 + 14 = h. Let b(k) = 4*k - 2*k**2 +